or of 20640?
True
Does 41 divide 7544?
True
Is 30 a factor of 1793?
False
Does 171 divide 7524?
True
Is 74 a factor of 4461?
False
Is 32 a factor of 192?
True
Is 17920 a multiple of 140?
True
Is 104 a factor of 18824?
True
Does 13 divide 286?
True
Is 16 a factor of 4688?
True
Is 413 a multiple of 3?
False
Is 15 a factor of 4845?
True
Does 44 divide 10736?
True
Is 39 a factor of 64211?
False
Is 7257 a multiple of 41?
True
Does 58 divide 1508?
True
Does 21 divide 520?
False
Does 34 divide 5440?
True
Is 61 a factor of 11571?
False
Is 21 a factor of 317?
False
Is 4 a factor of 348?
True
Is 3266 a multiple of 3?
False
Is 1505 a multiple of 7?
True
Is 6 a factor of 2347?
False
Does 6 divide 2820?
True
Is 4765 a multiple of 7?
False
Is 88 a factor of 180?
False
Is 18 a factor of 11664?
True
Is 33 a factor of 891?
True
Is 4 a factor of 328?
True
Does 13 divide 1612?
True
Does 103 divide 23566?
False
Does 9 divide 3327?
False
Does 54 divide 33105?
False
Is 114 a factor of 56316?
True
Does 20 divide 1572?
False
Is 1932 a multiple of 21?
True
Is 167 a multiple of 55?
False
Does 5 divide 2678?
False
Is 560 a multiple of 28?
True
Is 88 a factor of 3017?
False
Is 63 a factor of 1449?
True
Does 183 divide 76255?
False
Does 30 divide 183?
False
Is 5 a factor of 2240?
True
Is 2892 a multiple of 11?
False
Does 119 divide 27021?
False
Is 27 a factor of 42?
False
Is 265 a multiple of 53?
True
Does 177 divide 13360?
False
Is 334 a multiple of 9?
False
Is 12 a factor of 30208?
False
Is 9486 a multiple of 50?
False
Is 33 a factor of 18282?
True
Is 7560 a multiple of 60?
True
Is 6672 a multiple of 3?
True
Does 14 divide 846?
False
Does 22 divide 1034?
True
Does 20 divide 9873?
False
Is 13 a factor of 24596?
True
Is 28 a factor of 4900?
True
Is 5439 a multiple of 11?
False
Is 1350 a multiple of 30?
True
Is 16 a factor of 112?
True
Is 10 a factor of 377?
False
Does 262 divide 33122?
False
Is 7567 a multiple of 23?
True
Does 22 divide 58212?
True
Does 17 divide 4562?
False
Is 121681 a multiple of 47?
False
Does 14 divide 812?
True
Is 3564 a multiple of 44?
True
Does 10 divide 4842?
False
Is 17 a factor of 8262?
True
Is 19 a factor of 14965?
False
Is 118 a factor of 3992?
False
Is 3125 a multiple of 18?
False
Does 2 divide 327?
False
Does 29 divide 63829?
True
Is 48 a factor of 1536?
True
Does 14 divide 6367?
False
Is 4 a factor of 1461?
False
Is 18 a factor of 1417?
False
Is 13 a factor of 298?
False
Does 44 divide 1760?
True
Does 76 divide 2108?
False
Is 12 a factor of 5163?
False
Is 27460 a multiple of 5?
True
Does 37 divide 2293?
False
Is 47 a factor of 1504?
True
Does 20 divide 1280?
True
Is 6 a factor of 312?
True
Is 1930 a multiple of 10?
True
Does 6 divide 9924?
True
Does 21 divide 840?
True
Is 5677 a multiple of 205?
False
Is 86 a factor of 12322?
False
Is 4 a factor of 388?
True
Does 41 divide 246?
True
Does 33 divide 561?
True
Is 5 a factor of 18707?
False
Is 207 a multiple of 22?
False
Does 40 divide 8080?
True
Is 31 a factor of 496?
True
Is 48055 a multiple of 55?
False
Does 10 divide 28653?
False
Does 11 divide 198?
True
Does 189 divide 23247?
True
Does 69 divide 1173?
True
Is 18 a factor of 2110?
False
Is 75328 a multiple of 64?
True
Does 9 divide 5541?
False
Is 60 a factor of 8388?
False
Is 82 a factor of 4517?
False
Is 5695 a multiple of 67?
True
Does 113 divide 13614?
False
Does 25 divide 483?
False
Is 6 a factor of 20997?
False
Is 214 a factor of 1997?
False
Is 150 a multiple of 6?
True
Is 9116 a multiple of 172?
True
Does 116 divide 116?
True
Does 78 divide 702?
True
Is 30 a factor of 5531?
False
Does 115 divide 6718?
False
Is 96 a factor of 1632?
True
Is 7 a factor of 245?
True
Does 6 divide 129?
False
Is 14 a factor of 295?
False
Does 12 divide 1894?
False
Is 1206 a multiple of 67?
True
Does 69 divide 2622?
True
Is 4763 a multiple of 48?
False
Is 1044 a multiple of 9?
True
Is 31 a factor of 279?
True
Is 1787 even?
False
Is 623 a multiple of 20?
False
Is 4577 a multiple of 23?
True
Is 3630 a multiple of 11?
True
Is 86 a factor of 28268?
False
Is 858 a multiple of 6?
True
Is 11696 a multiple of 16?
True
Is 180 a factor of 43562?
False
Is 2 a factor of 54?
True
Is 1404 a multiple of 15?
False
Is 18 a factor of 125154?
True
Is 61918 a multiple of 24?
False
Is 27 a factor of 3159?
True
Is 5 a factor of 667?
False
Does 18 divide 61366?
False
Is 446 a multiple of 18?
False
Is 40 a factor of 621?
False
Is 251 a multiple of 3?
False
Is 7176 a multiple of 138?
True
Is 47820 a multiple of 27?
False
Is 46725 a multiple of 175?
True
Is 74090 a multiple of 10?
True
Is 2 a factor of 195?
False
Is 6 a factor of 200?
False
Is 17 a factor of 3978?
True
Is 1260 a multiple of 5?
True
Is 21 a factor of 187?
False
Is 29 a factor of 3256?
False
Is 2 a factor of 11227?
False
Is 104 a factor of 416?
True
Is 3245 a multiple of 2?
False
Does 15 divide 300?
True
Does 25 divide 1164?
False
Is 178 a factor of 106088?
True
Is 405 a multiple of 27?
True
Is 846 a multiple of 18?
True
Is 267 even?
False
Is 20 a factor of 140?
True
Does 15 divide 1785?
True
Is 76 a multiple of 3?
False
Is 1570 a multiple of 8?
False
Does 149 divide 39797?
False
Is 6 a factor of 4182?
True
Does 10 divide 2851?
False
Is 33 a factor of 1056?
True
Is 17 a factor of 2899?
False
Is 16619 a multiple of 168?
False
Does 12 divide 9970?
False
Is 184 even?
True
Is 1794 a multiple of 39?
True
Is 30323 a multiple of 8?
False
Is 1778 a multiple of 15?
False
Is 9954 a multiple of 158?
True
Is 162 a factor of 1117?
False
Does 21 divide 152?
False
Is 32 a factor of 7879?
False
Does 29 divide 261?
True
Does 40 divide 2102?
False
Is 23 a multiple of 22?
False
Is 43 a factor of 4429?
True
Does 35 divide 5572?
False
Does 44 divide 11836?
True
Does 13 divide 286?
True
Is 45 a factor of 22332?
False
Is 13 a factor of 12948?
True
Is 23 a factor of 1486?
False
Is 14 a factor of 321?
False
Is 2221 a multiple of 126?
False
Does 25 divide 1975?
True
Is 6986 a multiple of 9?
False
Is 972 a multiple of 6?
True
Is 3948 a multiple of 42?
True
Is 545 a multiple of 8?
False
Does 3 divide 44?
False
Does 40 divide 1600?
True
Is 19926 a multiple of 162?
True
Does 20 divide 45540?
True
Is 12 a factor of 840?
True
Is 123 a factor of 24347?
False
Does 68 divide 1428?
True
Is 211 a multiple of 28?
False
Does 87 divide 11697?
False
Is 3 a factor of 111?
True
Is 63 a factor of 3024?
True
Is 3754 a multiple of 60?
False
Is 31 a factor of 757?
False
Is 6 a factor of 129?
False
Is 10 a factor of 1990?
True
Is 60 a factor of 20071?
False
Is 4 a factor of 2483?
False
Is 927 a multiple of 11?
False
Is 11 a factor of 705?
False
Does 10 divide 1940?
True
Does 13 divide 43368?
True
Is 10 a factor of 610?
True
Is 57 a factor of 11188?
False
Is 72 a factor of 11232?
True
Does 41 divide 779?
True
Is 3320 a multiple of 5?
True
Is 76 a multiple of 3?
False
Does 13 divide 7969?
True
Does 32 divide 1568?
True
Is 1342 a multiple of 199?
False
Is 108 a factor of 5076?
True
Is 63 a factor of 30618?
True
Is 35 a factor of 665?
True
Does 139 divide 12093?
True
Is 11 a factor of 574?
False
Does 12 divide 1391?
False
Is 15 a factor of 2715?
True
Is 11480 a multiple of 108?
False
Is 11 a factor of 710?
False
Is 94 a factor of 8178?
True
Is 9890 a multiple of 115?
True
Does 22 divide 50526?
False
Is 14 a factor of 3640?
True
Is 5 a factor of 75?
True
Does 3 divide 426?
True
Is 4594 a multiple of 92?
False
Is 5076 a multiple of 8?
False
Does 53 divide 14432?
False
Does 10 divide 2358?
False
Does 3 divide 504?
True
Is 15 a factor of 24390?
True
Is 4284 a multiple of 18?
True
Is 51 a factor of 1581?
True
Is 5 a factor of 5048?
False
Is 1720 a multiple of 145?
False
Is 66 a factor of 1780?
False
Is 8 a factor of 50567?
False
Is 11 a factor of 3652?
True
Does 12 divide 1893?
False
Is 1057 a multiple of 35?
False
Does 2 divide 50?
True
Does 13 divide 199?
False
Does 5 divide 159?
False
Is 32899 a multiple of 90?
False
Is 48060 a multiple of 54?
True
Does 3 divide 8454?
True
Does 14 divide 6118?
True
Does 19 divide 9367?
True
Is 13 a factor of 178?
False
Is 127 a factor of 1016?
True
Does 40 divide 710?
False
Does 145 divide 5800?
True
Does 16 divide 72542?
False
Does 15 divide 135?
True
Does 5 divide 241?
False
Is 39 a factor of 3819?
False
Is 12135 a multiple of 6?
F